 common factor of 9694 and 111.
37
What is the greatest common divisor of 1806 and 28?
14
What is the greatest common divisor of 96 and 24000?
96
What is the greatest common factor of 10902 and 92?
46
What is the greatest common factor of 3082 and 670?
134
Calculate the greatest common factor of 2592 and 891.
81
What is the greatest common factor of 17835 and 205?
205
What is the highest common divisor of 1005 and 15?
15
Calculate the highest common divisor of 715 and 110.
55
Calculate the greatest common factor of 126 and 504.
126
What is the highest common factor of 152 and 96?
8
What is the greatest common factor of 2250 and 12?
6
What is the highest common divisor of 190 and 120?
10
Calculate the highest common divisor of 6764 and 89.
89
Calculate the greatest common factor of 1118 and 78.
26
What is the greatest common divisor of 15 and 9705?
15
Calculate the greatest common divisor of 4032 and 315.
63
What is the highest common factor of 20 and 11140?
20
What is the greatest common factor of 15 and 210?
15
What is the highest common divisor of 513 and 3819?
57
Calculate the highest common divisor of 65 and 585.
65
Calculate the highest common divisor of 156 and 1098.
6
Calculate the greatest common divisor of 100 and 2075.
25
What is the greatest common divisor of 9550 and 2674?
382
What is the greatest common divisor of 1681 and 82?
41
Calculate the greatest common factor of 324 and 516.
12
What is the highest common factor of 44251 and 969?
323
What is the greatest common factor of 60 and 420?
60
Calculate the highest common divisor of 80 and 224.
16
What is the highest common divisor of 96 and 336?
48
What is the greatest common factor of 245 and 140?
35
Calculate the highest common divisor of 21 and 91.
7
What is the greatest common divisor of 88 and 154?
22
What is the greatest common factor of 4646 and 1313?
101
What is the greatest common factor of 40 and 260?
20
What is the highest common factor of 69 and 552?
69
What is the greatest common factor of 20 and 190?
10
Calculate the highest common factor of 8 and 9024.
8
Calculate the greatest common factor of 213 and 923.
71
Calculate the highest common divisor of 680 and 60.
20
What is the highest common divisor of 304 and 144?
16
Calculate the highest common factor of 5192 and 352.
88
What is the greatest common factor of 18328 and 58?
58
Calculate the greatest common divisor of 70 and 945.
35
What is the greatest common divisor of 30 and 560?
10
Calculate the greatest common divisor of 66 and 220.
22
What is the highest common factor of 18 and 1818?
18
What is the highest common divisor of 108 and 41508?
36
Calculate the highest common factor of 159 and 5459.
53
What is the highest common factor of 112 and 176?
16
What is the highest common divisor of 198 and 22?
22
What is the highest common divisor of 208 and 78?
26
Calculate the greatest common factor of 21 and 469.
7
Calculate the greatest common factor of 2929 and 29.
29
What is the greatest common divisor of 38 and 266?
38
What is the highest common factor of 1728 and 27?
27
Calculate the greatest common factor of 27 and 27.
27
What is the greatest common divisor of 1936 and 66?
22
What is the highest common factor of 341 and 33?
11
Calculate the highest common factor of 77 and 110.
11
Calculate the greatest common factor of 440 and 176.
88
What is the greatest common factor of 2080 and 910?
130
What is the greatest common divisor of 39 and 780?
39
Calculate the highest common divisor of 50 and 425.
25
Calculate the greatest common factor of 1881 and 1368.
171
What is the highest common factor of 156 and 221?
13
Calculate the highest common factor of 13351 and 39.
13
Calculate the highest common factor of 164 and 108.
4
What is the greatest common factor of 11286 and 324?
54
What is the greatest common factor of 324 and 126?
18
What is the greatest common factor of 91 and 65?
13
Calculate the highest common factor of 343 and 392.
49
Calculate the highest common factor of 220 and 100.
20
What is the greatest common divisor of 14596 and 492?
164
Calculate the greatest common divisor of 5 and 45.
5
Calculate the highest common factor of 1085 and 620.
155
What is the highest common factor of 44 and 1474?
22
What is the greatest common divisor of 2145 and 585?
195
Calculate the highest common factor of 90 and 240.
30
Calculate the greatest common factor of 18 and 288.
18
Calculate the highest common divisor of 45 and 20.
5
Calculate the greatest common divisor of 665 and 5075.
35
What is the greatest common divisor of 510 and 210?
30
What is the highest common factor of 2530 and 70?
10
What is the highest common factor of 135 and 10?
5
Calculate the greatest common divisor of 1859 and 55.
11
What is the highest common factor of 4 and 26?
2
What is the highest common factor of 224 and 392?
56
What is the greatest common divisor of 796 and 4?
4
What is the greatest common factor of 103 and 824?
103
Calculate the greatest common factor of 451 and 3075.
41
Calculate the highest common factor of 199 and 16119.
199
What is the greatest common factor of 950 and 100?
50
Calculate the greatest common divisor of 45 and 981.
9
Calculate the greatest common factor of 1698 and 24.
6
What is the highest common factor of 1568 and 49?
49
Calculate the greatest common divisor of 145 and 319.
29
What is the highest common divisor of 60 and 555?
15
What is the highest common factor of 1876 and 14?
14
Calculate the greatest common divisor of 175 and 475.
25
What is the highest common factor of 228 and 3268?
76
What is the highest common factor of 285 and 2375?
95
What is the highest common divisor of 4158 and 441?
63
Calculate the highest common factor of 24 and 573.
3
What is the highest common factor of 54 and 918?
54
Calculate the greatest common divisor of 16 and 148.
4
What is the greatest common factor of 286 and 44?
22
Calculate the highest common divisor of 1278 and 144.
18
What is the greatest common divisor of 49 and 91?
7
Calculate the greatest common divisor of 17 and 85.
17
Calculate the greatest common divisor of 416 and 16.
16
Calculate the highest common divisor of 5671 and 535.
107
Calculate the greatest common factor of 592 and 48.
16
What is the highest common factor of 13 and 1261?
13
Calculate the highest common factor of 24 and 5172.
12
What is the greatest common divisor of 584 and 73?
73
Calculate the highest common divisor of 12 and 2676.
12
Calculate the highest common factor of 21717 and 342.
171
Calculate the highest common divisor of 2316 and 9.
3
What is the greatest common factor of 246 and 15?
3
What is the greatest common divisor of 200 and 152?
8
Calculate the greatest common factor of 1570 and 628.
314
Calculate the highest common factor of 115 and 2323.
23
Calculate the highest common divisor of 2 and 51.
1
Calculate the greatest common divisor of 250 and 550.
50
What is the greatest common factor of 210 and 672?
42
Calculate the greatest common factor of 5970 and 75.
15
What is the greatest common divisor of 2646 and 270?
54
What is the highest common divisor of 410 and 82?
82
Calculate the greatest common divisor of 14 and 23597.
7
What is the highest common factor of 558 and 1488?
186
What is the greatest common divisor of 140 and 380?
20
What is the greatest common divisor of 7 and 553?
7
What is the greatest common divisor of 20 and 26160?
20
What is the greatest common divisor of 33 and 187?
11
What is the highest common divisor of 9 and 27144?
9
What is the greatest common divisor of 18 and 90?
18
What is the highest common factor of 408 and 24?
24
What is the greatest common divisor of 1116 and 18?
18
Calculate the greatest common factor of 4 and 3.
1
What is the greatest common factor of 4410 and 90?
90
Calculate the greatest common factor of 77 and 7.
7
Calculate the highest common factor of 124 and 36.
4
Calculate the greatest common divisor of 22 and 5764.
22
Calculate the greatest common divisor of 840 and 54.
6
Calculate the greatest common factor of 21838 and 122.
122
What is the greatest common factor of 9 and 11061?
9
Calculate the greatest common factor of 10 and 1070.
10
What is the greatest common divisor of 832 and 325?
13
Calculate the greatest common divisor of 35 and 385.
35
Calculate